 + 15*w - 5. Let h be a(4). What is the greatest common divisor of h and 357?
51
Let q(w) = 4*w**2 + 102*w - 35. Let v be q(-26). Calculate the greatest common divisor of v and 1751.
17
Let z be (-243)/((-3)/4 + (-27)/36). What is the greatest common factor of z and 81?
81
Suppose -3*c = 6*c - 621. What is the highest common factor of c and 184?
23
Let f be 663/9 + 0 + (-50)/30. Calculate the highest common factor of f and 16.
8
Let t(q) = 19*q + 2. Let b be t(2). Let g = -3501 - -3517. Calculate the greatest common factor of g and b.
8
Suppose 3*r + 4*b = 256, 19*r - 23*r + 339 = 3*b. What is the highest common divisor of r and 294?
42
Let g = 40 - 38. Suppose 0 = 2*c - 2*a, -4*c + 4*a + 1 = c. Calculate the highest common divisor of g and c.
1
Let x(d) = d**3 + 18*d**2 - 7*d + 27. Let i be x(-18). Calculate the greatest common factor of i and 17.
17
Let u(k) = k**3 - k**2 + 31*k - 58. Let s be u(2). What is the greatest common factor of s and 7?
1
Suppose 3*u + 65 = -5*p, 3*u - 5*p = -79 - 6. Let a = -12 - u. Calculate the highest common divisor of a and 39.
13
Suppose 0 = 10*o - 14*o - 40. Let g be (44/o)/(7/(-35)). Let c(t) = 197*t**2 + 1. Let r be c(1). What is the greatest common factor of g and r?
22
Suppose 2*k + 0*k = -3*a - 25, 4*a = 4*k - 20. Let r be (48/a)/6*-7. What is the highest common divisor of 72 and r?
8
Let v(q) = 2*q**2 - 10*q - 12. Let c be v(11). Suppose c = w + 4*w. Calculate the greatest common factor of w and 24.
24
Let y(a) = -a**2 - 3*a. Let p be y(-3). Suppose -u - u + 2186 = 4*s, 3*u - 15 = p. Calculate the greatest common factor of 68 and s.
68
Let o = -12 - -16. Suppose -3*i + 42 = o*u, -4*i + 14 = -3*i - 2*u. Calculate the greatest common factor of 7 and i.
7
Let u = 52 - 26. Suppose -u + 56 = z. Let j = -101 + 146. What is the highest common factor of z and j?
15
Let b(g) = g**2 + 3*g + 2. Let w(s) = -4*s + 21. Let k be w(6). Let d be b(k). Suppose p + d = 3. Calculate the highest common divisor of 2 and p.
1
Let c = -33 + 33. Suppose c = -2*x - s + 6, 5*s = -0*x - 3*x + 16. Calculate the highest common factor of x and 14.
2
Suppose 8*x - 32 = 4*x. Let r(g) = -g - 4. Let h be r(-6). Let p be (3 - 1)*h - -60. What is the greatest common factor of x and p?
8
Suppose -2*m + 6*m = 0. Suppose m*o = -4*o. Suppose -p + 52 - 3 = o. Calculate the highest common factor of 7 and p.
7
Let d(y) = y**2 - 6*y - 26. Let x be d(12). Calculate the greatest common factor of x and 207.
23
Let f be (-130)/(-45) - 3/(-27). Suppose -2*u = f*s + 2*u - 30, -s = 3*u - 15. What is the greatest common divisor of 30 and s?
6
Suppose 3*t - 300 = -2*t. Let u(o) = -10*o - 2. Let n be u(-1). Suppose w - 4 = n. Calculate the greatest common factor of w and t.
12
Suppose -g + 26 = -4*u, 5*g - 3*u = 2*u + 175. Suppose 2*d + 4*j - g = 0, 3*j + j - 119 = -5*d. Calculate the highest common factor of d and 36.
9
Suppose -3*r + 171 = -2*y, -2*y - 211 = -4*r + 17. Calculate the greatest common factor of r and 24.
3
Suppose 3*d - 5*v - 76 = d, 5*v - 225 = -5*d. Let x = d + -28. Calculate the highest common divisor of x and 30.
15
Let q(l) = 96*l - 31. Let j be q(7). Suppose r = 4*x - 1328 - 490, 0 = 3*x + 2*r - 1358. Let d = j - x. Calculate the greatest common factor of 17 and d.
17
Suppose -3*i + 66 = -0*i. Let x(a) = 2*a**2 - 2*a - 6. Let k be x(-2). Suppose -9*f + k + 12 = 0. Calculate the greatest common divisor of i and f.
2
Let x = 33 + -25. Let k(p) = p**3 - 8*p**2 + 1. Let s be k(x). Suppose 0 = -2*q + 7*q - 5. Calculate the highest common factor of s and q.
1
Suppose -3*v = 70 - 184. What is the greatest common divisor of v and 437?
19
Let u be (-7)/(14/(-32)) - 0. Suppose -2*g + 86 = u. Let n be ((-2)/5)/((-1)/g). Calculate the greatest common factor of n and 14.
14
Let r be 3/((6 + -4)/((-26)/(-3))). Calculate the greatest common divisor of r and 3497.
13
Let o(m) = 2*m**2 + 4*m. Let v be o(-4). Suppose 1011*a - 1016*a - 82 = -s, 2*s - 218 = a. What is the greatest common factor of v and s?
16
Let o be -19 + 23 + (1063 - -1). Calculate the highest common divisor of o and 12.
12
Suppose 2*d - 3*b - 186 = -31, 4*d + 2*b = 302. Let x = 1357 + -1338. Calculate the highest common divisor of x and d.
19
Suppose -8*w + 12 = -4*w. Suppose 0 = w*c - 1 - 53. Let l = 294 + -168. What is the greatest common factor of c and l?
18
Let t(o) = 28*o - 3. Suppose -3*m - 36 = -3*l, 0*l + 4*m - 12 = -l. Suppose l = u + 3*u. Let q be t(u). What is the greatest common divisor of q and 9?
9
Let q be 18*(-4)/32*-8. What is the greatest common factor of 18 and q?
18
Let k be (70/4 - -2)*(-246)/(-9). Suppose -k = -9*v + 286. Calculate the greatest common divisor of v and 13.
13
Let v = -7 - -18. Let r = 1935 + -1934. What is the greatest common factor of r and v?
1
Let h = 799 - 749. What is the highest common divisor of h and 775?
25
Let p = 0 - -6. Let r = p - 12. Let l = r - -18. What is the highest common factor of l and 18?
6
Let s(y) = y**2 - 51*y + 134. Let c be s(49). Calculate the highest common divisor of c and 477.
9
Let f(y) be the second derivative of 7*y**3/3 + 21*y. Let b be f(4). Suppose -8 = -2*v, 3*v = -c - v + 24. What is the greatest common factor of b and c?
8
Let y = 350 + -318. Suppose -s + 30 = -18. Calculate the greatest common factor of s and y.
16
Let y(f) = 2*f**2 - 4*f + 7. Suppose 0 = l + 3 - 7. Let q be y(l). What is the greatest common divisor of q and 92?
23
Let c = 4 - -2. Suppose 289 = c*z - 47. Calculate the highest common divisor of 42 and z.
14
Let i(d) = -9*d - 1. Let w = 38 - 40. Let v be i(w). What is the greatest common divisor of 51 and v?
17
Let s(k) = 25*k + 6. Let z be s(2). What is the highest common factor of 7 and z?
7
Let f be (-2)/8 - 2967/(-92). Let j = f + -22. What is the greatest common factor of j and 90?
10
Suppose 3*g = -g + 12. Let f be (90/(-4))/(g/(-4)). Suppose v - 2*r - 18 = 0, -2*v - 2*v + 4*r = -76. What is the highest common factor of f and v?
10
Suppose c = 3*i + 420, 5*c - 249 - 183 = 3*i. Let w = -216 - i. Let o be (-5808)/w - 3/7. Calculate the highest common divisor of o and 15.
15
Suppose 4*v + 21 = 5*c, -v - 3 = 1. Let u(a) be the first derivative of 2*a**2 - a - 5. Let o be u(2). Calculate the greatest common factor of c and o.
1
Suppose 0 = -11*r - 46 + 112. What is the highest common divisor of r and 750?
6
Let w be 20/(-6)*(-72)/60. Let q(h) = -2*h + 31. Let a be q(14). Suppose -4*y + c - 2*c = -32, 32 = w*y - a*c. What is the highest common factor of y and 8?
8
Let t be (-2)/(-8) + (-155)/(-20). Let n be (-7)/2*t/(-14). Suppose 5 - 19 = -3*x - n*q, 4*x = 3*q + 47. What is the greatest common factor of 56 and x?
8
Let p be (-63422)/(-22) + (-110)/(-605). Calculate the highest common divisor of 31 and p.
31
Suppose 3*t = -5*v + 108, 4*v + t - 86 = -t. Calculate the greatest common factor of 105 and v.
21
Suppose 54*x = -a + 55*x + 139, -a + 2*x = -142. Calculate the greatest common factor of a and 51.
17
Let x(a) = -a**2 - 11*a + 8. Let i be x(-12). Let b = -1 - i. Suppose 6*d - 60 = 2*d. Calculate the highest common divisor of d and b.
3
Let k(i) = 20*i**2 + 28*i + 178. Let w be k(-7). Calculate the greatest common factor of w and 74.
74
Let n(g) = -g**2 - 9*g + 8. Let p be n(-9). Suppose 3*a - 127 = a + 3*i, 3*i = 5*a - 295. Calculate the greatest common factor of a and p.
8
Let f be (-5 + (264/(-10))/(-3))*5. What is the greatest common factor of f and 646?
19
Let l(n) = 2*n**2 - 22*n + 26. Let f be l(12). Calculate the highest common divisor of f and 75.
25
Suppose 154*z - 1709 - 47 = 92. Suppose 0*j = j - 36. What is the highest common factor of j and z?
12
Let y = 121 - 38. Suppose -2*h - 5*o + 22 = 0, 13 = 4*h - 3*o - y. What is the greatest common factor of h and 14?
7
Suppose 0 = -2*j - 4*b - 6, 0*j + 2*j = 2*b + 12. What is the highest common divisor of j and 2?
1
Suppose -117 = -5*b + 4*s, -45 = -2*b + 107*s - 106*s. Let d = 20 + 15. Let z = d - 21. What is the greatest common factor of z and b?
7
Let d(n) = n**2 - n + 4. Let g(t) = -5*t**2 + 3*t - 4. Let w be g(2). Let b = w - -22. Let v be d(b). What is the highest common factor of v and 128?
16
Let n(t) = -t**3 + t**2 - 19. Let l be n(0). Suppose -212 = -5*z + 2*s - 25, 5*z = -2*s + 183. Let j = z + l. What is the greates